common factor of 10738 and 457054.
26
Calculate the greatest common divisor of 64 and 9006416.
16
Calculate the greatest common divisor of 1116 and 192432004.
124
Calculate the greatest common factor of 68861 and 54437269.
5297
Calculate the greatest common factor of 52377787 and 517.
517
What is the highest common divisor of 310 and 32504690?
10
Calculate the highest common divisor of 38129102 and 22.
22
What is the greatest common divisor of 19120 and 236420?
20
What is the highest common divisor of 10046 and 375253261?
5023
What is the greatest common divisor of 3080 and 5217695?
35
What is the highest common divisor of 43948080 and 1089?
99
Calculate the highest common factor of 1192 and 385077388.
596
What is the greatest common divisor of 881020 and 990388?
6076
What is the greatest common divisor of 10324864 and 199936?
1408
Calculate the highest common divisor of 88 and 12527900.
44
What is the greatest common factor of 3353 and 4658754?
479
Calculate the greatest common divisor of 26220 and 5098870.
230
Calculate the highest common divisor of 10472 and 229222917.
1309
What is the greatest common factor of 2548014 and 80724?
1302
Calculate the highest common divisor of 1300 and 567229.
13
What is the highest common divisor of 11251304 and 24?
8
What is the highest common factor of 5852 and 39520418?
266
What is the greatest common divisor of 292 and 6695268?
292
What is the greatest common divisor of 26 and 65258609?
13
Calculate the greatest common factor of 4629 and 1633189893.
4629
What is the highest common factor of 551 and 110371535?
29
What is the greatest common divisor of 5959 and 46483799?
59
Calculate the greatest common divisor of 242080 and 447136.
2848
Calculate the greatest common divisor of 918414 and 1176.
42
Calculate the greatest common factor of 602 and 17300018.
86
What is the highest common divisor of 257926967 and 127?
127
Calculate the greatest common divisor of 8 and 394348968.
8
Calculate the greatest common factor of 104780 and 4156.
4
What is the highest common factor of 5192 and 700979?
59
What is the greatest common divisor of 720 and 193208160?
240
What is the greatest common factor of 5668739 and 39820?
181
Calculate the highest common divisor of 27769308 and 252.
84
What is the highest common divisor of 918 and 2759130?
54
Calculate the greatest common factor of 6643 and 848302.
91
Calculate the greatest common divisor of 10978 and 2916650.
22
Calculate the greatest common factor of 5 and 8983288.
1
What is the highest common divisor of 11331387 and 11502?
1917
What is the highest common divisor of 3159 and 289029?
39
What is the highest common divisor of 40 and 9228610?
10
What is the greatest common factor of 28339600 and 64?
16
Calculate the highest common divisor of 534 and 9955718.
178
Calculate the highest common divisor of 305 and 22989165.
5
What is the highest common divisor of 548 and 5917852?
548
What is the highest common divisor of 4179062 and 2540?
254
What is the highest common divisor of 158379 and 23256168?
5109
What is the greatest common divisor of 5590869 and 323889?
3027
Calculate the highest common divisor of 8045765 and 1300.
65
Calculate the greatest common factor of 22896670 and 140.
10
Calculate the greatest common factor of 643323 and 41753.
43
What is the greatest common factor of 1674 and 1713042?
54
Calculate the highest common factor of 52488 and 34182.
162
Calculate the greatest common divisor of 89846172 and 621.
27
Calculate the highest common factor of 1261198574 and 58.
58
What is the greatest common factor of 6227767 and 364?
91
Calculate the greatest common factor of 665 and 66916185.
35
What is the greatest common divisor of 260 and 27276080?
260
Calculate the highest common factor of 14517132 and 98.
98
What is the highest common divisor of 292 and 371224?
4
What is the greatest common factor of 234 and 187380?
18
What is the greatest common factor of 666 and 1285602?
222
What is the highest common factor of 8204 and 272015926?
4102
What is the highest common factor of 630 and 403864830?
90
What is the highest common divisor of 2788 and 94333272?
68
Calculate the greatest common factor of 332486 and 92837.
2159
What is the greatest common divisor of 6777 and 165213?
27
Calculate the greatest common factor of 156 and 33417852.
156
What is the greatest common divisor of 35516 and 219323?
13
Calculate the highest common divisor of 2457 and 480662.
91
What is the greatest common factor of 3810818 and 26026?
22
Calculate the highest common divisor of 697120 and 640.
160
Calculate the highest common divisor of 2519549 and 57971.
29
What is the greatest common factor of 4457250 and 9275?
175
What is the highest common factor of 506817477 and 62461?
8923
Calculate the greatest common divisor of 30377 and 568616.
37
Calculate the highest common divisor of 18 and 37449738.
18
What is the greatest common factor of 36 and 97595868?
12
What is the greatest common divisor of 41952 and 10511184?
1104
What is the highest common factor of 1776 and 70828212?
444
Calculate the greatest common divisor of 1302789 and 25122.
237
Calculate the greatest common divisor of 46216343 and 158.
79
What is the greatest common factor of 10 and 49429565?
5
Calculate the greatest common factor of 1044 and 31686624.
36
Calculate the highest common factor of 28 and 1735265868.
28
Calculate the greatest common divisor of 900 and 28722150.
450
Calculate the highest common factor of 77367150 and 42.
42
Calculate the greatest common factor of 9974 and 4994.
2
What is the highest common divisor of 207 and 4830046?
23
Calculate the highest common factor of 179382 and 218106.
42
Calculate the highest common factor of 168095460 and 780.
780
What is the highest common divisor of 52933 and 28466?
43
What is the highest common divisor of 5293 and 2965219?
67
Calculate the highest common factor of 928880 and 12048.
16
What is the greatest common divisor of 378 and 118335?
21
What is the highest common factor of 6877730 and 50?
10
What is the greatest common factor of 4212 and 594702?
162
What is the highest common factor of 71055972 and 171?
171
Calculate the greatest common factor of 57402 and 769797.
27
What is the highest common factor of 48974 and 1184233?
521
What is the highest common factor of 680952 and 8704?
136
What is the greatest common divisor of 114177 and 14028?
21
What is the greatest common factor of 126425 and 19175?
325
What is the greatest common factor of 10869048 and 16?
8
What is the greatest common factor of 1372 and 109238444?
196
Calculate the highest common divisor of 27477714 and 2673.
33
Calculate the highest common factor of 4800 and 195716800.
1600
Calculate the highest common divisor of 24277488 and 64.
16
Calculate the greatest common divisor of 955854 and 309482.
1142
What is the highest common divisor of 748 and 22828300?
44
What is the greatest common factor of 99807989 and 62413?
4801
Calculate the greatest common divisor of 292800 and 28200.
600
What is the highest common factor of 30142122 and 1734?
1734
Calculate the highest common factor of 19667850 and 2060.
1030
What is the greatest common factor of 5380119 and 12863?
677
What is the greatest common factor of 2520646 and 2?
2
Calculate the highest common divisor of 52 and 3927440088.
52
Calculate the greatest common divisor of 9176428 and 7108.
7108
Calculate the highest common divisor of 3570503 and 511.
73
Calculate the highest common divisor of 17 and 4187423.
17
What is the greatest common divisor of 305 and 31118296?
61
What is the highest common factor of 236150690 and 10?
10
Calculate the highest common factor of 1710 and 22735590.
570
Calculate the greatest common divisor of 8448 and 3405756.
12
Calculate the greatest common divisor of 1130083 and 25757.
43
Calculate the greatest common divisor of 21681058 and 420.
14
Calculate the highest common factor of 8644653 and 765.
153
What is the highest common divisor of 24 and 75745779?
3
Calculate the highest common divisor of 10340 and 239769090.
5170
Calculate the highest common factor of 404146416 and 342.
114
What is the highest common divisor of 65 and 3682874?
13
Calculate the highest common divisor of 4389372 and 14916.
1356
Calculate the greatest common